at is -156a + -71401?
-72970
In base 6, what is -5 + -1335144130?
-1335144135
In base 15, what is -167 + 6e23?
6cab
In base 15, what is 8d8a + b5?
8e50
In base 16, what is -4 + d065efd?
d065ef9
In base 10, what is -17126 + -3103?
-20229
In base 4, what is -20 + -1201031320?
-1201032000
In base 9, what is -611043 + -525?
-611568
In base 4, what is 23 - -31032102033?
31032102122
In base 10, what is 38046794 + -5?
38046789
In base 3, what is 1012111022002 - -2121?
1012111101200
In base 8, what is -101 - 15700036?
-15700137
In base 7, what is -15 + 664510611?
664510563
In base 6, what is -1215333514 + -45?
-1215334003
In base 8, what is -4024345 + 0?
-4024345
In base 11, what is -1190 + -20851?
-21a31
In base 14, what is 58 + -65dda?
-65d82
In base 10, what is -8513296 + 7?
-8513289
In base 12, what is 14a3 + 9966?
b249
In base 10, what is -5 + 138271580?
138271575
In base 3, what is 100222022001 - -21101?
100222120102
In base 14, what is 28 + 131684?
1316ac
In base 3, what is -102 - 20222122100?
-20222122202
In base 2, what is 10010110101100 - -10011010?
10011001000110
In base 13, what is -2a56393c6 - 2?
-2a56393c8
In base 9, what is 266453 - -107?
266561
In base 15, what is 6 + 2dbb605?
2dbb60b
In base 15, what is 500d8 - 8?
500d0
In base 12, what is -4 + -335015?
-335019
In base 2, what is -110010110000010000100011 + -11?
-110010110000010000100110
In base 16, what is 30fd6f + -1d?
30fd52
In base 9, what is 184 + -602830?
-602635
In base 8, what is -4 + -2656106?
-2656112
In base 8, what is 74176323 - -2?
74176325
In base 5, what is -10322342 + 1040?
-10321302
In base 2, what is -10110101000110110111 + -1011?
-10110101000111000010
In base 15, what is 620d5a + -3?
620d57
In base 2, what is 10000110011101 - -10010110100001?
100011100111110
In base 14, what is -2102 - -d4?
-200c
In base 12, what is 7 + -25a42507?
-25a42500
In base 9, what is -15445 + -4215?
-20661
In base 8, what is -21405 + -415?
-22022
In base 7, what is 10004 - 36304?
-26300
In base 7, what is 443 - 1442352?
-1441606
In base 6, what is 1255344223 - 0?
1255344223
In base 8, what is -316 - 461114?
-461432
In base 2, what is -1010 + -100001000010111010101?
-100001000010111011111
In base 9, what is 45547 + 10?
45557
In base 7, what is -1113 - -134161?
133045
In base 9, what is 264732 + -2201?
262531
In base 16, what is 8f9135 - 5?
8f9130
In base 4, what is 10 + 2300123223?
2300123233
In base 10, what is -1175154007 + -2?
-1175154009
In base 9, what is -213745 + 70?
-213665
In base 13, what is 10 + -5904a4c?
-5904a3c
In base 3, what is -1 - 2010201121221?
-2010201121222
In base 7, what is 10420232 + 331?
10420563
In base 10, what is -56326343 - 4?
-56326347
In base 14, what is -57 + -24a0774?
-24a07cb
In base 2, what is -10101 + -10111110111000000?
-10111110111010101
In base 12, what is -41b2 + 427?
-3987
In base 11, what is -381572 + 11?
-381561
In base 14, what is 20 + 1a434?
1a454
In base 2, what is -100 - 1010010110010010100111?
-1010010110010010101011
In base 6, what is -3241320 + -54?
-3241414
In base 14, what is -8ac0 - 173a?
-a41a
In base 13, what is -6882a + -4?
-68831
In base 2, what is 0 - -1010001110000101001101000?
1010001110000101001101000
In base 5, what is -143 - 330332?
-331030
In base 11, what is -2823 + -250?
-2a73
In base 16, what is 2 - 1dcc76?
-1dcc74
In base 13, what is 1874a3 - -16?
1874b9
In base 13, what is 501 - -161218?
161719
In base 4, what is -31320011 - -3100?
-31310311
In base 15, what is 2629 - 45?
25d4
In base 12, what is -ba + 5799b?
578a1
In base 11, what is -4 + 2346538?
2346534
In base 9, what is 12437 - 383?
12044
In base 5, what is 0 - 4024133231?
-4024133231
In base 10, what is -451425 + 11?
-451414
In base 3, what is 20102201022002 - 12?
20102201021220
In base 11, what is a + 34a939?
34a948
In base 15, what is -5b + 12c4d4?
12c478
In base 7, what is -4 + 13345030?
13345023
In base 5, what is 4 - -440110224?
440110233
In base 7, what is -14 - 15500533?
-15500550
In base 15, what is -392c91 - 3?
-392c94
In base 10, what is -668103 - 284?
-668387
In base 9, what is -583122 + 3?
-583118
In base 15, what is -767496 - 3?
-767499
In base 9, what is 26405618 + 23?
26405642
In base 15, what is 4 + -de8cb74?
-de8cb70
In base 16, what is 2 - 20f299e?
-20f299c
In base 14, what is -2d08ba - a6?
-2d0982
In base 16, what is -f29 - -7558?
662f
In base 16, what is -3ff9e + 5ea?
-3f9b4
In base 16, what is -3a4 + 8fd?
559
In base 11, what is 86 + -100321?
-100246
In base 2, what is 1010011100111111001 - -101101001?
1010011101101100010
In base 3, what is 1002020211021001022 - 11?
1002020211021001011
In base 5, what is -34 + 301200324?
301200240
In base 16, what is -a3da19 + 4?
-a3da15
In base 9, what is -106082444 + 5?
-106082438
In base 5, what is 12012001 + 41?
12012042
In base 4, what is 3222 + -2200001313?
-2133332031
In base 9, what is 3 - 3045157?
-3045154
In base 15, what is 91e05 - 13?
91de2
In base 11, what is 14 - -195963?
195977
In base 4, what is -1 + 20021201310?
20021201303
In base 13, what is -2294 + -1c286?
-2154a
In base 15, what is -2 + 550074?
550072
In base 15, what is -17a4 - 21b1?
-3965
In base 11, what is -38868 - -1a?
-38849
In base 11, what is -3691 - -811?
-2980
In base 16, what is -5dd68 + 89?
-5dcdf
In base 13, what is -53b6c - 534?
-543a3
In base 5, what is -4 + -12311120202?
-12311120211
In base 5, what is -34 + -14131132101?
-14131132140
In base 7, what is 2003 - -554133?
556136
In base 9, what is -24 + 21555?
21531
In base 4, what is -223 + 1332121?
1331232
In base 5, what is -20113144 - 22?
-20113221
In base 10, what is -9666 + -597?
-10263
In base 6, what is -34 - 1325315?
-1325353
In base 10, what is -2027 + -6719?
-8746
In base 9, what is -81414700 + -3?
-81414703
In base 9, what is 2 - -1221666?
1221668
In base 5, what is 2230201211 + 0?
2230201211
In base 15, what is 53 - 102ac?
-10259
In base 8, what is 1 + 332401525?
332401526
In base 3, what is -11 - -212001220111211?
212001220111200
In base 5, what is -1232200 - 24?
-1232224
In base 12, what is -4642 + -318?
-495a
In base 6, what is -20510 + 151032?
130122
In base 14, what is c - -6bcb25?
6bcb33
In base 15, what is 0 - 2c911?
-2c911
In base 8, what is -15030752 - -4?
-15030746
In base 5, what is -21442330332 + -21?
-21442330403
In base 10, what is -13 + -16514?
-16527
In base 13, what is -abc9c + -79?
-ac048
In base 15, what is -8d0d90 + 1?
-8d0d8e
In base 3, what is 11021 - 100010220101?
-100010202010
In base 12, what is 197a + 21574?
23332
In base 11, what is -4 + -359970a?
-3599713
In base 2, what is 110 - -1101001110111111100?
1101001111000000010
In base 10, what is 2116 - 2026?
90
In base 13, what is -736c4 + 17c?
-73545
In base 12, what is -40a3 - 98?
-417b
In base 5, what is -2 - 310011202?
-310011204
In base 14, what is ab510 + 25?
ab535
In base 4, what is -10120231 + 12222?
-10102003
In base 9, what is 1215 - -767008?
768224
In base 14, what is -982976b7 - 3?
-982976ba
In base 2, what is 1111 + 10100011010111010110?
10100011010111100101
In base 13, what is -baa89 - -6a6?
-ba3b3
In base 13, what is 4 + -3397cc2?
-3397cbb
In base 2, what is -11101111101110101011 + -1100110?
-11101111110000010001
In base 6, what is 1305 + 1222042?
1223351
In base 14, what is 0 + 68232a?
68232a
In base 4, what is 233003231 + 11?
233003302
In base 10, what is 9 + -64511368?
-64511359
In base 2, what is -101101111110111001010 - 110?
-101101111110111010000
In base 10, what is -302109 - -1258?
-300851
In base 8, what is 23 - 3104763?
-3104740
In base 8, what is 3547 - 160?
3367
In base 2, what is -1001001111001001 + -1010011?
-1001010000011100
In base 8, what is -66650041 - -2?
-66650037
In base 6, what is 3201152525 - -2?
3201152531
In base 13, what is 8c9a215 - -4?
8c9a219
In base 11, what is -29 - -4a8a21?
4a89a3
In base 3, what is 1012001200121 + -1022?
1012001122022
In base 3, what is -210100101201 - 1220?
-210100110121
In base 4, what is -2123 + 11232130112?
11232121323
In base 2, what is -100100 - 101001001110001101001?
-101001001110010001101
In base 14, what is 5 - -7c5903?
7c5908
In base 3, what is 12 + 21211220220220?
21211220221002
In base 10, what is 12629 + -191?
12438
In base 11, what is 1 - 1415749?
-1415748
In base 14, what is -a41b23c + -5?
-a41b243
In base 2, wha